5
(-11 - (-7 + -1)) + 9
6
What is the value of -6 - -1 - (-4 - (15 + -11))?
3
Evaluate 4 - (3 + (-17 - -12)).
6
What is the value of (-10 - -15) + 2 + -6?
1
Calculate (2 - (-5 + 2)) + -4 + 1.
2
Evaluate -1 + 5 + -4 - 3.
-3
(-19 + 13 - (-1 - 13)) + -2
6
0 + -5 + -9 + 4
-10
What is 1 + (8 - 8) + (1 - 5)?
-3
(-5 - (-1 - -2)) + -12 + 11
-7
Calculate -8 + 16 + -7 - -1.
2
Calculate 3 + 0 + 0 + 0 + 1.
4
What is the value of (1 + 7 - 3) + 0?
5
Evaluate 3 + 2 - (-2 - 2 - -5).
4
What is the value of 2 + -1 - (-3 + -4 - -3)?
5
Calculate 4 + 17 + -17 + 5.
9
Calculate 1 - 1 - (13 + -12).
-1
Evaluate -3 - (6 + -17 + 7).
1
What is the value of -11 + (17 - 8) + (7 - 2)?
3
Calculate -22 + 22 + 1 + -5.
-4
What is (10 + -5 + -11 - -2) + -2?
-6
5 + (7 - 7) - 5
0
Evaluate -115 + 123 - (3 + 1).
4
-8 + (-3 + 11 - 3)
-3
What is (6 - (7 - 3)) + 0?
2
(10 + -4 - -4) + -6 + 1
5
Evaluate (-3 - -12) + 1 + -4 - 7.
-1
What is (1 - 0) + -3 - -1 - -2?
1
5 - 1 - (1 + -2) - 0
5
-1 + 2 - -2 - (1 - -1)
1
Calculate (7 - 10) + (-4 - -10).
3
Calculate 6 + (6 - 4) + -5.
3
Calculate 3 - 3 - (-5 + 5) - 0.
0
Evaluate 91 + -84 - (7 - 0).
0
8 + -4 + -2 + -5 + 6
3
Calculate (3 - 8 - -9) + -6.
-2
Evaluate -9 - 0 - (-13 - 0).
4
What is -24 - -17 - (-5 - (2 - 2))?
-2
Evaluate 1 - (2 + -11 + 4 + 9).
-3
5 + -7 - -4 - 2
0
What is -4 - (4 + -3 + -5)?
0
What is the value of (-5 - (21 + -17)) + -2 + 9?
-2
Calculate (-14 - (-2 + (0 - 5))) + 1.
-6
What is 5 + -3 - (5 + -3) - 2?
-2
Evaluate (-4 - (3 + -5)) + -3.
-5
What is the value of 1 + -2 + 1 + -1?
-1
5 + 2 + -2 - 17 - -5
-7
What is -1 - 9 - (12 - 17)?
-5
Evaluate -1 + 3 - (9 - (21 + -10)).
4
Evaluate -11 + -1 + 4 - -11.
3
What is -4 + (8 - 7) - -3?
0
What is the value of 1 + 1 + -4 - (-15 + 12)?
1
Evaluate 8 + (7 - 12) + -8.
-5
Evaluate 2 + -13 + 4 + 13.
6
-1 + -1 - -7 - 3 - -3
5
What is the value of 1 - -2 - (-2 + 6) - -3?
2
4 - 9 - -5 - (-8 + 13)
-5
Calculate -1 + -1 + -5 + -2 + 2.
-7
Calculate 3 + 1 + (4 - 1) + -4.
3
Evaluate (4 - (8 - 4 - 0)) + 3.
3
What is the value of -2 + (2 - (9 + (-3 - 1)))?
-5
What is 4 + 0 - (-8 + 13)?
-1
What is the value of (1 - 4) + 7 + -4?
0
4 + -7 - (4 - 2)
-5
Evaluate (-11 - -5) + 7 + 6.
7
What is the value of 1 + 2 + -2 - (0 + 2)?
-1
What is -6 + (4 - (5 - 6)) - -4?
3
Evaluate 1 - (-2 + 6) - 5 - -1.
-7
What is the value of 0 + -1 - (22 + -19)?
-4
Calculate (-9 + 5 - -1 - -6) + -2.
1
What is the value of -8 + 2 + -5 + 19?
8
What is 10 + -8 + (0 - -1)?
3
What is the value of 4 + (4 - (1 + 9 - 5))?
3
(-6 - -1) + (2 - (5 - 4))
-4
What is the value of 7 + (3 - 4) + -12?
-6
Evaluate -3 - -3 - (-3 - 0) - 2.
1
Calculate 12 - (-2 + (5 - (3 - 3))).
9
Calculate -2 - (11 + -1 - 5 - 6).
-1
What is the value of -7 + 5 - 11 - -6?
-7
Calculate 9 - (-10 + (6 - -8)).
5
Calculate 5 + 4 + -5 + -7.
-3
What is the value of 6 + (-5 - (5 + -4)) + 0?
0
What is 7 - (1 - 0 - -10 - 5)?
1
Calculate -1 - (2 + 0 + 3).
-6
-14 - -24 - (1 + 2)
7
Calculate (-2 - 0) + 2 - -1.
1
What is (3 - -3 - 3) + -8?
-5
Evaluate 6 + 7 + -9 + -10.
-6
What is the value of -19 - (3 + -6 + -10)?
-6
Calculate 1 + (7 - 1) + (-11 - -1).
-3
Calculate 1 + 4 + (14 - 15 - 5).
-1
0 + (1 - 0) + -7 - -2
-4
2 - (-2 - -10) - -1
-5
What is the value of -1 - (4 - (1 - 1))?
-5
(3 + (-3 - -2) - -1) + 0
3
What is -1 + 0 + -5 + (2 - -7)?
3
What is the value of -2 + -7 - (33 + -45)?
3
Calculate 0 - (4 + (2 - 7 - -3)).
-2
What is the value of -3 - (0 - -4 - 6 - -2)?
-3
Calculate -4 - (0 - (-2 - -3)) - -1.
-2
What is the value of 1 + -5 - 0 - (1 + -9)?
4
2 - (-3 + 1) - (6 + 1)
-3
4 - (-1 - 0 - (-8 - -8))
5
What is the value of -2 - (-4 - (1 - 2 - 5))?
-4
-1 + (-1 - (3 + -3))
-2
What is 1 + (0 - -1 - -4)?
6
What is -1 + -5 + 3 + 1?
-2
What is -6 + 5 + 8 + -9?
-2
What is -3 + 0 + (4 - 0)?
1
What is the value of -7 + 11 - -1 - (4 - 1)?
2
Evaluate 3 - 3 - -4 - -1 - 2.
3
What is the value of 0 - (-4 + 4 - 1 - -9)?
-8
What is (-6 - (-7 - -8)) + 7 + 0?
0
Evaluate (2 - 4) + -1 + 6 + 2.
5
What is (31 - 28) + (-4 - (-2 - -2))?
-1
Calculate -7 - ((-9 - 5) + 5).
2
What is the value of -2 + 1 - (-10 + 7)?
2
What is (-19 + 11 - 2) + 15?
5
Calculate 14 + -5 + -4 - 10.
-5
What is the value of 2 + 2 + (-9 - -5)?
0
Calculate -10 + 6 - ((-1 - -2) + -6).
1
What is the value of 16 - -6 - (0 - -12)?
10
What is the value of -1 - 1 - (-15 - -13) - 3?
-3
What is the value of -4 + 3 + (-1 - -3)?
1
What is the value of (-3 - -11 - 7) + 1 + 1?
3
Calculate 9 + -13 + -1 + 1 + 6.
2
What is the value of -11 + 11 - (-2 + 1 - 0)?
1
Calculate (-6 - -1) + -6 - -6.
-5
What is the value of (10 - 13) + (1 - 2 - -3)?
-1
Calculate (-1 - -3) + 39 + -42.
-1
What is 4 + 2 + -1 - (-3 - 2)?
10
Evaluate -3 + 2 + (-2 - -6) + -4.
-1
Evaluate 2 - 5 - ((3 - 4) + 2).
-4
-2 + 2 - (5 - 7)
2
What is the value of 3 - 1 - (-2 + -1)?
5
What is the value of (3 + -4 + 5 - 1) + -3?
0
What is the value of 1 + -4 + 23 + -20 + 1?
1
Calculate (-9 - (2 + -5)) + (4 - 1).
-3
Calculate -8 - ((-4 - -4) + -4).
-4
What is the value of -5 + 1 + (6 - 0) + 3?
5
What is (-7 - (-3 - 5)) + -2?
-1
Evaluate (-2 - (0 + 7)) + 1 - -3.
-5
Calculate (4 - 1) + (-1 - -4) + -2.
4
What is 1 + (-6 - -3 - -4)?
2
Calculate 12 + (2 - (-1 - (-2 + -4))).
9
What is 5 + (-3 + 1 - (-5 + 7))?
1
Calculate 1 + -2 - ((-19 - -5) + 12).
1
What is the value of -12 - -3 - (-13 - -9)?
-5
Calculate -14 + 18 - (-6 - -4 - 1).
7
What is the value of -4 + -1 - -2 - (-1 + 3)?
-5
What is -2 - (-7 - 2) - (-2 + 2)?
7
What is (-3 - -1) + -41 + 44?
1
-3 + (-3 + 7 - 2) - -2
1
What is 3 - (-1 - ((-5 - 3) + 5))?
1
What is the value of -4 + -1 + 2 - (-4 + -1)?
2
What is the value of 52 - 31 - (8 + 0) - 5?
8
-38 + 49 - (-2 + 10)
3
What is the value of -1 + 8 + -7 + -2 + 5?
3
Evaluate -3 + 1 - (24 - 23).
-3
What is -1 + 2 + -4 - (-18 + 9)?
6
What is 3 + -1 + (31 - 29)?
4
What is 4 + 0 + (-7 - 0 - -4)?
1
What is 0 + (4 + 7 - 17)?
-6
Calculate -2 + (-1 - -3 - 6).
-6
3 - ((-1 - -8) + -9)
5
Calculate -11 + 12 + (-1 - 6).
-6
What is the value of 14 - 14 - (6 - 2)?
-4
What is (-9 - -5) + 0 + 4 - 1?
-1
Calculate -10 + (2 - -3) - -1.
-4
Evaluate (-8 - -1 - -1) + 2 + 2.
-2
What is 1 + -1 + (-56 - -52)?
-4
93 - 90 - (0 - (-9 + 1))
-5
Calculate 5 + (3 - (0 - -4)) - 5.
-1
Calculate (-2 - -5) + (1 - 2) + 0.
2
What is 4 - (4 + -3 + -3 - -1)?
5
What is the value of (-3 - -10) + -4 + -1?
2
What is the value of (15 - 20) + 4 + -1 + -2?
-4
Evaluate 7 - 1 - (1 + (5 - 4)).
4
What is -3 + (7 - 8) - -7?
3
Calculate (-2 - -1) + -2 + 3 - 0.
0
What is 1 + (-4 - (6 + -9) - 3)?
-3
Calculate -2 + 4 + (-8 - -4) - -4.
2
Calculate -1 + (-1 - -6) + -14 + 5.
-5
Evaluate 4 - (3 + -7 + 6 - -1).
1
What is the value of 1 + (-4 - (7 - 3 - 6))?
-1
-2 + -3 - (7 + -2 + -2)
-8
Calculate 3 + -2 + (-2 - -5).
4
-3 + 2 + -2 + 3 + -5
-5
Calculate 2 - (0 - 4 - -1).
5
What is the value of -5 + 1 - (-7 - 1)?
4
Evaluate 5 - (1 - -2) - -2.
4
Calculate -1 + 2 - (-9 + (-12 - -27)).
-5
What is the value of 10 - (-11 - -9 - -18)?
-6
Calculate -3 - (-5 + -1) - (-1 + 3).
1
What is -1 + 2 + -10 + (25 - 8)?
8
Evaluate (-1 - -3) + -4 + -6 + 5.
-3
10 - (4 + 2) - 6
-2
What is -2 + (-14 - (7 + (-13 - 2)))?
-8
(4 - (-4 - -4)) + 0
4
What is 7 + (-4 + 3 - 6)?
0
Calculate 4 - (4 - (5 + -1)).
4
Evaluate 1 - (-4 - ((1 - 0) + -3)).
3
What is 3 + -3 - -1 - (3 - 0)?
-2
What is the value of 1 + 4 + -4 - (5 + -1)?
-3
What is the value of -9 + 8 + 0 + 2 + 1?
2
Evaluate 0 + (-2 - (10 + -16)).
4
-2 - (-1 - -2) - (183 + -187)
1
What is 67 + -64 + (0 - 9)?
-6
What is -6 - (10 + -18) - -4?
6
What is the value of 6 + (5 - (6 + -2 - -3))?
4
What is -4 + (0 - -5 - (9 + -7))?
-1
Evaluate -3 + (0 - (-2 - (0 - 7))).
-8
What is the value of (2 - (0 + 3)) + 3 + -2?
0
(-6 - (-7 + 0)) + -1
0
Evaluate -5 + (-1 + (1 - 0) - -1).
-4
What is 1 + -7 - (80 + -82)?
-4
0 + (0 - (-2 - (-1 + 0)))
1
6 + (10 - 5) + -3 + -3
5
Calculate -8 + 14 - 12 - -3.
-3
What is (8 - 15) + 5 - -1?
-1
Evaluate -1 - (5 + (-5 - -8) + -6).
-3
Calculate -2 + 2 + (2 - 4) + -1.
-3
Calculate (3 - (-13 - -8)) + -14 + 16.
10
What is (-10 - -10 - -7) + -9?
-2
-4 - (6 - (-3 - -7))
-6
Calculate 6 - (3 - (-4 + 5)) - 3.
1
What is -3 + 5 + -5 - -7?
4
-4 - ((-5 - 0) + -8 + 11)
-2
What is the value of (-6 - -7) + -13 - -7?
-5
Calculate 13 - 15 - (-2 + (1 - 0)).
-1
Calculate 10 + -10 + -6 + 11.
5
Calculate -6 + 8 + 1 - 10.
-7
-6 - (2 + -